{"id":14482,"date":"2021-02-07T13:17:51","date_gmt":"2021-02-07T13:17:51","guid":{"rendered":"https:\/\/ksm-fotografie.ch\/htm\/?page_id=14482"},"modified":"2021-04-04T09:16:57","modified_gmt":"2021-04-04T09:16:57","slug":"hochzeiten","status":"publish","type":"page","link":"https:\/\/ksm-fotografie.ch\/htm\/fotografie\/hochzeiten\/","title":{"rendered":"Hochzeiten"},"content":{"rendered":"<div id=\"pl-14482\"  class=\"panel-layout\" ><div id=\"pg-14482-0\"  class=\"panel-grid panel-has-style\" ><div class=\"panel-row-style panel-row-style-for-14482-0\" ><div id=\"pgc-14482-0-0\"  class=\"panel-grid-cell\" ><div id=\"panel-14482-0-0-0\" class=\"so-panel widget widget_sow-editor panel-first-child panel-last-child\" data-index=\"0\" ><div class=\"panel-widget-style panel-widget-style-for-14482-0-0-0\" ><div\n\t\t\t\n\t\t\tclass=\"so-widget-sow-editor so-widget-sow-editor-base\"\n\t\t\t\n\t\t>\n<div class=\"siteorigin-widget-tinymce textwidget\">\n\t<h2 style=\"font-weight: 600; color: #eeeeee; margin-bottom: 36px; margin-top: 36px; padding-top: 56px; padding-bottom: 48px; line-height: 53px; text-align: center;\">HOCHZEITEN<\/h2>\n<p style=\"text-align: center;\"><\/p>\n<\/div>\n<\/div><\/div><\/div><\/div><\/div><\/div><div id=\"pg-14482-1\"  class=\"panel-grid panel-has-style\" ><div class=\"panel-row-style panel-row-style-for-14482-1\" ><div id=\"pgc-14482-1-0\"  class=\"panel-grid-cell\" ><div id=\"panel-14482-1-0-0\" class=\"so-panel widget widget_sow-editor panel-first-child panel-last-child\" data-index=\"1\" ><div class=\"panel-widget-style panel-widget-style-for-14482-1-0-0\" ><div\n\t\t\t\n\t\t\tclass=\"so-widget-sow-editor so-widget-sow-editor-base\"\n\t\t\t\n\t\t>\n<div class=\"siteorigin-widget-tinymce textwidget\">\n\t<h4 style=\"font-weight: 400;\">Sie heiraten \u2013 wir fotografieren. Unauff\u00e4llig und diskret.<\/h4>\n<p><strong>Ihr Vorteil mit uns:<\/strong> Vier Augen sehen mehr als zwei. - Zwei Kameras auch!<br \/>\nWeiblicher und m\u00e4nnlicher Blick aufs Geschehen, verschiedene Perspektiven.<br \/>\nBeispielsweise von vorne & hinten, von oben unten - alles mit verschiedenen Brennweiten.<\/p>\n<p>Egal, ob wir Sie den ganzen Tag \u2013 vom Frisieren, Schminken, Anziehen \u00fcber die Trauung, das Brautpaarshooting, den Ap\u00e9ro bis in zu den Familienfotos oder sogar bis ans Ende der grossen Feier begleiten; oder nur f\u00fcr ein gelungenes Brautpaarshooting, und\/oder die Zeremonie. Sie sagen, wann wir dabei sein sollen \u2013 wir machen das Beste draus.<\/p>\n<p><strong>Das Grafische drum herum:<\/strong> Mit Vergn\u00fcgen gestalten wir f\u00fcr Sie Ihre pers\u00f6nlichen Einladungs- und Dankeskarten, die Men\u00fckarte oder was Sie sonst noch brauchen.<\/p>\n<\/div>\n<\/div><\/div><\/div><\/div><div id=\"pgc-14482-1-1\"  class=\"panel-grid-cell\" ><div id=\"panel-14482-1-1-0\" class=\"so-panel widget widget_sow-editor panel-first-child panel-last-child\" data-index=\"2\" ><div class=\"panel-widget-style panel-widget-style-for-14482-1-1-0\" ><div\n\t\t\t\n\t\t\tclass=\"so-widget-sow-editor so-widget-sow-editor-base\"\n\t\t\t\n\t\t>\n<div class=\"siteorigin-widget-tinymce textwidget\">\n\t<h4 style=\"font-weight: 400;\">So kriegen Sie uns:<\/h4>\n<p>Bei einem <strong>ersten Gespr\u00e4ch<\/strong> lernen wir uns kennen, schauen, ob die Chemie zwischen uns stimmt. An diesem Gespr\u00e4ch teilen Sie uns Ihre W\u00fcnsche und unser Einsatzgebiet mit, wir besprechen die Machbarkeit und finden eine L\u00f6sung, die f\u00fcr alle stimmt.<\/p>\n<p>Bei einem zweiten Treffen (im Idealfall gleich mit den Trauzeugen) besichtigen wir gemeinsam die Hochzeitlokalit\u00e4ten: Kirche, Standesamt, Orte des Brautpaarshootings und besprechen jeweils die Details wie Familienbilder, Abl\u00e4ufe etc. Mittlerweile kennen wir uns schon besser und sind vielleicht schon per Du.<\/p>\n<p>Und an Eurem grossen Tag, treffen wir bereits mindestens zum dritten Mal aufeinander. Je besser man sich kennt, desto besser werden die Fotos! Das ist ein Erfahrungswert \ud83d\ude09<\/p>\n<\/div>\n<\/div><\/div><\/div><\/div><\/div><\/div><\/div>","protected":false},"excerpt":{"rendered":"<p>HOCHZEITEN Sie heiraten \u2013 wir fotografieren. Unauff\u00e4llig und diskret. Ihr Vorteil mit uns: Vier Augen sehen mehr als zwei. &#8211; Zwei Kameras auch! Weiblicher und m\u00e4nnlicher Blick aufs Geschehen, verschiedene Perspektiven. Beispielsweise von vorne &#038; hinten, von oben unten &#8211; alles mit verschiedenen Brennweiten. Egal, ob wir Sie den ganzen Tag \u2013 vom Frisieren, Schminken, Anziehen \u00fcber die Trauung, das Brautpaarshooting, den Ap\u00e9ro bis in zu den Familienfotos oder sogar bis ans Ende der grossen Feier begleiten; oder nur f\u00fcr [&hellip;]<\/p>\n","protected":false},"author":1,"featured_media":0,"parent":14277,"menu_order":0,"comment_status":"open","ping_status":"closed","template":"","meta":{"footnotes":""},"class_list":["post-14482","page","type-page","status-publish","hentry"],"_links":{"self":[{"href":"https:\/\/ksm-fotografie.ch\/htm\/wp-json\/wp\/v2\/pages\/14482","targetHints":{"allow":["GET"]}}],"collection":[{"href":"https:\/\/ksm-fotografie.ch\/htm\/wp-json\/wp\/v2\/pages"}],"about":[{"href":"https:\/\/ksm-fotografie.ch\/htm\/wp-json\/wp\/v2\/types\/page"}],"author":[{"embeddable":true,"href":"https:\/\/ksm-fotografie.ch\/htm\/wp-json\/wp\/v2\/users\/1"}],"replies":[{"embeddable":true,"href":"https:\/\/ksm-fotografie.ch\/htm\/wp-json\/wp\/v2\/comments?post=14482"}],"version-history":[{"count":12,"href":"https:\/\/ksm-fotografie.ch\/htm\/wp-json\/wp\/v2\/pages\/14482\/revisions"}],"predecessor-version":[{"id":16220,"href":"https:\/\/ksm-fotografie.ch\/htm\/wp-json\/wp\/v2\/pages\/14482\/revisions\/16220"}],"up":[{"embeddable":true,"href":"https:\/\/ksm-fotografie.ch\/htm\/wp-json\/wp\/v2\/pages\/14277"}],"wp:attachment":[{"href":"https:\/\/ksm-fotografie.ch\/htm\/wp-json\/wp\/v2\/media?parent=14482"}],"curies":[{"name":"wp","href":"https:\/\/api.w.org\/{rel}","templated":true}]}}